 2687
List the prime factors of 745903.
745903
List the prime factors of 2477687.
71, 34897
List the prime factors of 13350957.
3, 4450319
What are the prime factors of 105478?
2, 23, 2293
List the prime factors of 351184.
2, 47, 467
What are the prime factors of 358185?
3, 5, 23879
List the prime factors of 1108149.
3, 7, 52769
List the prime factors of 17342909.
1889, 9181
What are the prime factors of 3445870?
2, 5, 344587
List the prime factors of 891951.
3, 297317
What are the prime factors of 22351078?
2, 23, 485893
List the prime factors of 45769.
37, 1237
List the prime factors of 1018665.
3, 5, 22637
List the prime factors of 651091.
7, 47, 1979
List the prime factors of 665114.
2, 19, 23, 761
List the prime factors of 961102.
2, 53, 9067
What are the prime factors of 954973?
954973
List the prime factors of 135950.
2, 5, 2719
What are the prime factors of 55367?
13, 4259
What are the prime factors of 22767463?
281, 81023
List the prime factors of 203288.
2, 25411
What are the prime factors of 1130338?
2, 11, 191, 269
List the prime factors of 22880971.
29, 788999
List the prime factors of 2531167.
2531167
List the prime factors of 5836173.
3, 7, 19, 14627
What are the prime factors of 729639?
3, 81071
List the prime factors of 347421.
3, 115807
What are the prime factors of 653383?
37, 17659
What are the prime factors of 7264119?
3, 43, 56311
What are the prime factors of 6948628?
2, 43, 71, 569
List the prime factors of 814368.
2, 3, 17, 499
List the prime factors of 866056.
2, 29, 3733
List the prime factors of 1675741.
17, 98573
List the prime factors of 2987924.
2, 746981
List the prime factors of 1557222.
2, 3, 259537
What are the prime factors of 74660?
2, 5, 3733
What are the prime factors of 22683692?
2, 31, 182933
List the prime factors of 4465479.
3, 1488493
What are the prime factors of 43548067?
17, 2561651
List the prime factors of 865231.
865231
List the prime factors of 2047108.
2, 7, 113, 647
What are the prime factors of 24380945?
5, 4876189
What are the prime factors of 3320395?
5, 13, 23, 2221
List the prime factors of 3892747.
43, 90529
What are the prime factors of 260314?
2, 23, 5659
What are the prime factors of 24513733?
59, 163, 2549
What are the prime factors of 249405?
3, 5, 13, 1279
What are the prime factors of 791486?
2, 17, 23279
What are the prime factors of 6289547?
11, 571777
What are the prime factors of 3068228?
2, 17, 45121
List the prime factors of 311701.
13, 23977
List the prime factors of 3805294.
2, 53, 35899
What are the prime factors of 236346?
2, 3, 11, 3581
What are the prime factors of 1475589?
3, 233, 2111
List the prime factors of 1918440.
2, 3, 5, 73
List the prime factors of 4748257.
29, 163733
List the prime factors of 238831.
241, 991
What are the prime factors of 2268027?
3, 167, 503
What are the prime factors of 723127?
723127
What are the prime factors of 4496502?
2, 3, 19, 39443
What are the prime factors of 7406959?
7, 283, 3739
What are the prime factors of 1170137?
1170137
What are the prime factors of 172058?
2, 86029
List the prime factors of 249602.
2, 37, 3373
What are the prime factors of 125170?
2, 5, 12517
List the prime factors of 59665.
5, 11933
List the prime factors of 896401.
11, 19, 4289
List the prime factors of 105364.
2, 7, 53, 71
What are the prime factors of 1174651?
79, 14869
List the prime factors of 2886462.
2, 3, 53453
List the prime factors of 25176248.
2, 269, 11699
List the prime factors of 769258.
2, 7, 23, 2389
List the prime factors of 18334197.
3, 7, 23, 12653
List the prime factors of 320057.
320057
What are the prime factors of 28809?
3, 11, 97
List the prime factors of 462631.
13, 19, 1873
What are the prime factors of 28782707?
37, 777911
What are the prime factors of 466539?
3, 41, 3793
List the prime factors of 8051994.
2, 3, 149111
What are the prime factors of 10702084?
2, 23, 61, 1907
What are the prime factors of 410246?
2, 41, 5003
List the prime factors of 163404.
2, 3, 17, 89
What are the prime factors of 19541?
19541
List the prime factors of 212034.
2, 3, 35339
List the prime factors of 505411.
505411
List the prime factors of 530872.
2, 66359
What are the prime factors of 4930125?
3, 5, 13147
What are the prime factors of 17038355?
5, 499, 6829
List the prime factors of 156429.
3, 7, 13, 191
List the prime factors of 702768.
2, 3, 11
What are the prime factors of 19092380?
2, 5, 954619
What are the prime factors of 95257?
95257
List the prime factors of 6682256.
2, 7, 59663
What are the prime factors of 279619?
279619
List the prime factors of 461467.
461467
What are the prime factors of 5764247?
109, 52883
What are the prime factors of 412190?
2, 5, 47, 877
What are the prime factors of 5975401?
5975401
What are the prime factors of 1075905?
3, 5, 23909
List the prime factors of 126419.
167, 757
List the prime factors of 326403.
3, 7, 11, 157
List the prime factors of 2813317.
13, 379, 571
List the prime factors of 1489883.
53, 28111
List the prime factors of 6172738.
2, 11, 13, 113, 191
What are the prime factors of 278743?
278743
List the prime factors of 33233079.
3, 11, 17, 59239
List the prime factors of 4370193.
3, 163, 331
What are the prime factors of 8473646?
2, 523, 8101
List the prime factors of 1959677.
41, 47797
List the prime factors of 4565652.
2, 3, 7, 13, 37, 113
What are the prime factors of 1093011?
3, 364337
What are the prime factors of 114078?
2, 3, 19013
What are the prime factors of 65836?
2, 109, 151
List the prime factors of 6514389.
3, 7, 53, 1951
What are the prime factors of 3955107?
3, 13, 29, 269
What are the prime factors of 8534030?
2, 5, 853403
What are the prime factors of 205319?
205319
What are the prime factors of 160076?
2, 7, 5717
What are the prime factors of 347498?
2, 293, 593
List the prime factors of 6131632.
2, 13, 41, 719
What are the prime factors of 8133634?
2, 19, 214043
What are the prime factors of 2028185?
5, 17, 107, 223
List the prime factors of 30281102.
2, 907, 16693
What are the prime factors of 2913019?
23, 126653
What are the prime factors of 2590854?
2, 3, 7, 61687
List the prime factors of 322298.
2, 161149
What are the prime factors of 6842582?
2, 73, 46867
List the prime factors of 12470692.
2, 13, 23, 10427
List the prime factors of 29324908.
2, 23, 318749
List the prime factors of 395853.
3, 23, 5737
List the prime factors of 4306457.
17, 253321
What are the prime factors of 300303?
3, 61, 547
What are the prime factors of 1548?
2, 3, 43
List the prime factors of 1189855.
5, 237971
List the prime factors of 694511.
694511
What are the prime factors of 134745?
3, 5, 13, 691
List the prime factors of 920370.
2, 3, 5, 11, 2789
List the prime factors of 709627.
131, 5417
What are the prime factors of 401346?
2, 3, 11, 2027
What are the prime factors of 230607?
3, 13, 73
What are the prime factors of 89476?
2, 22369
List the prime factors of 512914.
2, 337, 761
List the prime factors of 16757055.
3, 5, 7, 53197
List the prime factors of 1065391.
1065391
List the prime factors of 28612414.
2, 23, 622009
List the prime factors of 149486.
2, 41, 1823
List the prime factors of 710483.
710483
What are the prime factors of 38109?
3, 12703
List the prime factors of 3166956.
2, 3, 13, 67, 101
What are the prime factors of 9082625?
5, 72661
List the prime factors of 503489.
7, 17, 4231
What are the prime factors of 1020228?
2, 3, 11, 59, 131
What are the prime factors of 16870017?
3, 23, 244493
List the prime factors of 1032349.
1032349
List the prime factors of 1945235.
5, 389047
What are the prime factors of 403472?
2, 151, 167
What are the prime factors of 1000478?
2, 500239
List the prime factors of 5189140.
2, 5, 11, 103, 229
What are the prime factors of 1489533?
3, 496511
List the prime factors of 350028.
2, 3, 7, 463
What are the prime factors of 546379?
37, 14767
What are the prime factors of 955631?
433, 2207
List the prime factors of 496888.
2, 7, 19, 467
List the prime factors of 551953.
73, 7561
List the prime factors of 64179.
3, 2377
List the prime factors of 594867.
3, 7, 13, 2179
What are the prime factors of 9494487?
3, 131, 8053
What are the prime factors of 4274905?
5, 17, 19, 2647
List the prime factors of 57291.
3, 13, 113
List the prime factors of 370